s 3 + 69?
6c
In base 9, what is -1 - -20?
18
In base 5, what is 3 - 11004?
-11001
In base 2, what is 11 - -11011100?
11011111
In base 4, what is 11113 + -11?
11102
In base 3, what is 1020 + -100?
220
In base 13, what is -21 + -13?
-34
In base 7, what is -5653 + -10?
-5663
In base 13, what is -30 + -ab?
-10b
In base 2, what is 11 + -1110?
-1011
In base 10, what is -4 - -29?
25
In base 15, what is 31b + 3?
31e
In base 16, what is -3 - -c4?
c1
In base 9, what is -7132 + 0?
-7132
In base 3, what is -111120 - 121?
-112011
In base 13, what is a - -2?
c
In base 16, what is 15 + 3c?
51
In base 14, what is 18 - 150?
-136
In base 7, what is -2 - 130?
-132
In base 12, what is 277 - -1b?
296
In base 15, what is 8 + -9?
-1
In base 10, what is -5 - -97?
92
In base 7, what is 1502 - 1?
1501
In base 2, what is -1010 + -1000000110?
-1000010000
In base 16, what is -8 - 21?
-29
In base 7, what is 2 + -10165?
-10163
In base 9, what is 68 - 10?
58
In base 2, what is -1001111 - -10?
-1001101
In base 9, what is 1617 - 5?
1612
In base 9, what is -740 + 56?
-673
In base 11, what is -5 - 303?
-308
In base 15, what is 3 - aa?
-a7
In base 9, what is -4 + 40?
35
In base 10, what is -3067 + 2?
-3065
In base 5, what is 223 + -10?
213
In base 8, what is -403 + -1?
-404
In base 6, what is 0 + -5300?
-5300
In base 11, what is -20a + -4?
-213
In base 12, what is -317 + -12?
-329
In base 12, what is 9 + -1007?
-bba
In base 6, what is -2504 + 2?
-2502
In base 9, what is -4 - 38?
-43
In base 5, what is -14 - -10133?
10114
In base 4, what is 1220 + -1?
1213
In base 7, what is 16 - -242?
261
In base 11, what is 1 + 3aa6?
3aa7
In base 6, what is -3 + 31?
24
In base 9, what is 163 - 1?
162
In base 5, what is -44143 - -3?
-44140
In base 7, what is 16 + 64?
113
In base 11, what is 10a10 - -1?
10a11
In base 4, what is 100 - 10013?
-3313
In base 4, what is -23 + -310103?
-310132
In base 11, what is 554 - -1a?
573
In base 8, what is 35 - -73?
130
In base 7, what is -5 + -21332?
-21340
In base 7, what is 46 + 0?
46
In base 9, what is 3 + 3823?
3826
In base 9, what is -64 - 0?
-64
In base 13, what is -3 + 69?
66
In base 5, what is -423 + -3?
-431
In base 4, what is 1101 - 0?
1101
In base 13, what is 798 + -3?
795
In base 7, what is 41 - 4?
34
In base 8, what is -5312 + 6?
-5304
In base 10, what is -8434 - 1?
-8435
In base 12, what is -6a + 0?
-6a
In base 11, what is 1 + -a9?
-a8
In base 14, what is 108 - 5?
103
In base 7, what is -31 - 1116?
-1150
In base 5, what is 4 + 241210?
241214
In base 6, what is 14 - 2?
12
In base 5, what is -10 - 13?
-23
In base 10, what is 869 + 7?
876
In base 6, what is -153 - 55?
-252
In base 5, what is -1141 + 10?
-1131
In base 13, what is -37 + 5?
-32
In base 9, what is 4 + 126?
131
In base 6, what is -3141 + -4?
-3145
In base 3, what is -10110222 + -10?
-10111002
In base 13, what is 32 - -3?
35
In base 12, what is 2 + -1822?
-1820
In base 5, what is 12 + 1113?
1130
In base 13, what is -1a + c4?
a7
In base 12, what is 23 - -59?
80
In base 14, what is -1 - -173?
172
In base 16, what is -1837 - 3?
-183a
In base 14, what is 1b2 - 4?
1ac
In base 10, what is 1 + 163?
164
In base 13, what is -3 - 231a?
-2320
In base 8, what is 1 - 1?
0
In base 14, what is 18 - -2?
1a
In base 6, what is 1404 - 2?
1402
In base 12, what is 3092 - -2?
3094
In base 10, what is 6 - -239?
245
In base 5, what is -1143 - 102?
-1300
In base 9, what is 356 - 25?
331
In base 13, what is -2a14 - 5?
-2a19
In base 11, what is -3 - 13?
-16
In base 5, what is 23 + 0?
23
In base 16, what is ae - -1e?
cc
In base 2, what is -100 - 10011?
-10111
In base 7, what is 155 - 20?
135
In base 13, what is 14 + -520?
-509
In base 13, what is -1 - 242?
-243
In base 14, what is -12 + -33?
-45
In base 3, what is -12 + -10020?
-10102
In base 2, what is 10011010 + 101?
10011111
In base 6, what is 1 + -14?
-13
In base 7, what is -636 + -4?
-643
In base 14, what is 1537 + 2?
1539
In base 9, what is 37 + -1246?
-1208
In base 10, what is 7 - -2?
9
In base 13, what is -53 + 0?
-53
In base 2, what is -1000010011 + 101?
-1000001110
In base 14, what is -12 - -d4?
c2
In base 2, what is 11 + 1111100?
1111111
In base 15, what is -1a7 - -35?
-172
In base 7, what is 123630 + 3?
123633
In base 16, what is b0 - 1c?
94
In base 15, what is 5 - -7?
c
In base 13, what is 3 + 200?
203
In base 8, what is 10 - 4100?
-4070
In base 15, what is 1 - a4?
-a3
In base 2, what is -1010101010011 + -101?
-1010101011000
In base 8, what is -5 + 14?
7
In base 3, what is 100001 - 1?
100000
In base 12, what is -9 - 14?
-21
In base 6, what is -251 - -5?
-242
In base 8, what is 1102 - -4?
1106
In base 13, what is 1 + -1b0?
-1ac
In base 13, what is -8a + -4?
-91
In base 12, what is 1b4 + 3?
1b7
In base 14, what is 12c4 - -1?
12c5
In base 6, what is -115202 + -5?
-115211
In base 2, what is 11001 + 10010010?
10101011
In base 9, what is -182 - -3?
-178
In base 3, what is -2 - 202100?
-202102
In base 2, what is 1000111 + -11100?
101011
In base 6, what is 10023 + -2?
10021
In base 13, what is -163 + 2?
-161
In base 15, what is -4 - -1d4c?
1d48
In base 7, what is -16 - 400?
-416
In base 3, what is -10102 + -21?
-10200
In base 2, what is 1010110001 - -100?
1010110101
In base 12, what is -589b + 0?
-589b
In base 15, what is 111 - -4?
115
In base 13, what is -11b + -3?
-121
In base 7, what is 13 + -1650?
-1634
In base 2, what is 101101111 - -1?
101110000
In base 11, what is 0 - -1714?
1714
In base 6, what is -5334 - 1?
-5335
In base 12, what is 1 + -7a?
-79
In base 13, what is -c - 14a?
-159
In base 5, what is -2 + -334?
-341
In base 9, what is -52 + 25?
-26
In base 12, what is -5 + -3a2?
-3a7
In base 13, what is 4 - 118?
-114
In base 11, what is -2881 + -4?
-2885
In base 5, what is -3 + -40?
-43
In base 15, what is 3 - -7?
a
In base 12, what is 729 - -2?
72b
In base 13, what is -32 + 0?
-32
In base 12, what is 2 + -1354?
-1352
In base 2, what is -10110011110 + 11?
-10110011011
In base 10, what is -103 - -2?
-101
In base 2, what is 100010011100 - 11?
100010011001
In base 2, what is 11 + -101101?
-101010
In base 8, what is -37 + 2?
-35
In base 13, what is -9 + 6?
-3
In base 13, what is 0 + 53?
53
In base 13, what is -311b - -3?
-3118
In base 8, what is 276 - 0?
276
In base 10, what is 1540 + 5?
1545
In base 9, what is 47 - -40?
87
In base 16, what is -3 - -77?
74
In base 10, what is 343 - -9?
352
In base 3, what is 1112220210 + 2?
1112220212
In base 9, what is -1031 - -3?
-1027
In base 8, what is 0 - -1036?
1036
In base 4, what is 1310 + -3?
1301
In base 15, what is -5 + 15?
10
In base 14, what is c + -10?
-2
In base 2, what is -1010011111 + 0?
-1010011111
In base 16, what is 2 + 655?
657
In base 6, what is -3 - 212?
-215
In base 7, what is 10303 - 4?
10266
In base 15, what is 1c99 + 1?
1c9a
In base 3, what is 1 - 11112211?
-11112210
In base 13, what is -6c0 + -1?
-6c1
In base 12, what is 259 - -3?
260
In base 6, what is -430 - 1?
-431
In base 12, what is 3 - -89?
90
In base 5, what is 10400 + -1?
10344
In base 6, what is 5 + 23?
32
In base 9, what is 20 + -3?
16
In base 2, what is 100 + 10111?
11011
In base 11, what is 373 + 4?
377
In base 14, what is 2b - 3?
28
In base 4, what is -310 - 10?
-320
In base 8, what is -162 - 25?
-207
In base 10, what is -2 + 105?
103
In base 4, what is 13330 - 1?
13323
In base 15, what is -3 + -49b?
-49e
In base 4, what is 1003 - -11?
1020
In base 7, what is -351 - 4?
-355
In base 10, what is 2 + 3?
5
In base 3, what is 1010121 + -12?
1010102
In base 3, what is -10010 + -201?
-10211
In base 2, what is -1101101 - 0?
-1101101
In base 14, what is 11 - -5d?
70
In base 5, what is -30 - 3404?
-3434
In base 13, what is -7 + 1?
-6
In base 5, what is 3331 - -32?
3413
In base 11, what is 316a + 4?
3173
In base 2, what is 1 - 101010?
-101001
In base 12, what is 5 + -17a?
-175
In base 3, what is -12012200 + 0?
-12012200
In base 13, what is 3 - 16c?
-169
In base 3, what is 110 - -2110?
2220
In base 14, what is 18 + -2d?
-15
In base 3, what is -112110001 - -1?
-112110000
In base 4, what is 212 + -111?
101
In base 4, what is -12311 + 1?
-12310
In base 2, what is -101000 - 1000?
-110000
In base 2, what is 11010001 - -10?
11010011
In base 8, what is 161 + -26?
133
In base 8, what is 30 + -16?
12
In base 5, what is 202220 + -3?
202212
In base 12, w